{"id":103,"date":"2016-12-12T13:24:23","date_gmt":"2016-12-12T12:24:23","guid":{"rendered":"http:\/\/wbv-ruegen.wbv-mv.de\/?page_id=103"},"modified":"2021-03-25T11:19:56","modified_gmt":"2021-03-25T10:19:56","slug":"gemeinden","status":"publish","type":"page","link":"https:\/\/wbv-ruegen.wbv-mv.de\/?page_id=103","title":{"rendered":"Amtsangeh\u00f6rige Mitglieder"},"content":{"rendered":"<table style=\"width: 100.528%; height: 1721px;\">\n<tbody>\n<tr style=\"height: 44px;\">\n<td style=\"height: 44px; width: 44.878%;\"><span style=\"font-size: 14pt;\"><strong>\u00c4mter<\/strong><\/span><\/td>\n<td style=\"height: 44px; width: 37.3984%;\"><span style=\"font-size: 14pt;\"><strong>Gemeinden<\/strong><\/span><\/td>\n<td style=\"width: 9.02415%; height: 44px;\">\n<p style=\"text-align: center;\"><span style=\"font-size: 14pt;\"><strong>Fl\u00e4che mit Dingliche<\/strong><\/span><\/p>\n<p style=\"text-align: center;\"><span style=\"font-size: 14pt;\"><strong>in ha<\/strong><\/span><\/p>\n<\/td>\n<td style=\"width: 9.02415%;\">\n<p style=\"text-align: center;\"><span style=\"font-size: 14pt;\"><strong>Fl\u00e4che ohne Dingliche<\/strong><\/span><\/p>\n<p style=\"text-align: center;\"><span style=\"font-size: 14pt;\"><strong>in ha<\/strong><\/span><\/p>\n<\/td>\n<\/tr>\n<tr style=\"height: 43px;\">\n<td style=\"height: 43px; width: 44.878%;\"><span style=\"font-size: 12pt;\">Amt Nord-R\u00fcgen<\/span><\/td>\n<td style=\"height: 43px; width: 37.3984%;\"><span style=\"font-size: 12pt;\">Altenkirchen<\/span><\/td>\n<td style=\"width: 9.02415%; height: 43px; text-align: right;\"><span style=\"font-size: 12pt;\">2.265,8487<\/span><\/td>\n<td style=\"width: 9.02415%; text-align: right;\"><span style=\"font-size: 12pt;\">\u00a0<\/span><\/td>\n<\/tr>\n<tr style=\"height: 43px;\">\n<td style=\"height: 43px; width: 44.878%;\"><\/td>\n<td style=\"height: 43px; width: 37.3984%;\"><span style=\"font-size: 12pt;\">Breege<\/span><\/td>\n<td style=\"width: 9.02415%; height: 43px; text-align: right;\"><span style=\"font-size: 12pt;\">1.598,0451<\/span><\/td>\n<td style=\"width: 9.02415%; text-align: right;\"><span style=\"font-size: 12pt;\">\u00a0<\/span><\/td>\n<\/tr>\n<tr style=\"height: 43px;\">\n<td style=\"height: 43px; width: 44.878%;\"><\/td>\n<td style=\"height: 43px; width: 37.3984%;\"><span style=\"font-size: 12pt;\">Dranske<\/span><\/td>\n<td style=\"width: 9.02415%; height: 43px; text-align: right;\"><span style=\"font-size: 12pt;\">2.076,4649<\/span><\/td>\n<td style=\"width: 9.02415%; text-align: right;\"><span style=\"font-size: 12pt;\">\u00a0<\/span><\/td>\n<\/tr>\n<tr style=\"height: 43px;\">\n<td style=\"height: 43px; width: 44.878%;\"><\/td>\n<td style=\"height: 43px; width: 37.3984%;\"><span style=\"font-size: 12pt;\">Glowe<\/span><\/td>\n<td style=\"width: 9.02415%; height: 43px; text-align: right;\"><span style=\"font-size: 12pt;\">2.220,3792<\/span><\/td>\n<td style=\"width: 9.02415%; text-align: right;\"><span style=\"font-size: 12pt;\">\u00a0<\/span><\/td>\n<\/tr>\n<tr style=\"height: 43px;\">\n<td style=\"height: 43px; width: 44.878%;\"><\/td>\n<td style=\"height: 43px; width: 37.3984%;\"><span style=\"font-size: 12pt;\">Lohme<\/span><\/td>\n<td style=\"width: 9.02415%; height: 43px; text-align: right;\"><span style=\"font-size: 12pt;\">1.378,1471<\/span><\/td>\n<td style=\"width: 9.02415%; text-align: right;\"><span style=\"font-size: 12pt;\">\u00a0<\/span><\/td>\n<\/tr>\n<tr style=\"height: 43px;\">\n<td style=\"height: 43px; width: 44.878%;\"><\/td>\n<td style=\"height: 43px; width: 37.3984%;\"><span style=\"font-size: 12pt;\">Putgarten<\/span><\/td>\n<td style=\"width: 9.02415%; height: 43px; text-align: right;\"><span style=\"font-size: 12pt;\">1.262,4564<\/span><\/td>\n<td style=\"width: 9.02415%; text-align: right;\"><span style=\"font-size: 12pt;\">\u00a0<\/span><\/td>\n<\/tr>\n<tr style=\"height: 43px;\">\n<td style=\"height: 43px; width: 44.878%;\"><\/td>\n<td style=\"height: 43px; width: 37.3984%;\"><span style=\"font-size: 12pt;\">Sagard<\/span><\/td>\n<td style=\"width: 9.02415%; height: 43px; text-align: right;\"><span style=\"font-size: 12pt;\">2.792,7560<\/span><\/td>\n<td style=\"width: 9.02415%; text-align: right;\"><span style=\"font-size: 12pt;\">\u00a0<\/span><\/td>\n<\/tr>\n<tr style=\"height: 43px;\">\n<td style=\"height: 43px; width: 44.878%;\"><\/td>\n<td style=\"height: 43px; width: 37.3984%;\"><span style=\"font-size: 12pt;\">Wiek<\/span><\/td>\n<td style=\"width: 9.02415%; height: 43px; text-align: right;\"><span style=\"font-size: 12pt;\">2.544,4173<\/span><\/td>\n<td style=\"width: 9.02415%; text-align: right;\"><span style=\"font-size: 12pt;\">\u00a0<\/span><\/td>\n<\/tr>\n<tr style=\"height: 43px;\">\n<td style=\"height: 43px; width: 44.878%;\"><\/td>\n<td style=\"height: 43px; width: 37.3984%;\"><\/td>\n<td style=\"width: 9.02415%; height: 43px; text-align: right;\"><\/td>\n<td style=\"width: 9.02415%; text-align: right;\"><\/td>\n<\/tr>\n<tr style=\"height: 43px;\">\n<td style=\"height: 43px; width: 44.878%;\"><span style=\"font-size: 12pt;\">Amt Bergen auf R\u00fcgen<\/span><\/td>\n<td style=\"height: 43px; width: 37.3984%;\"><span style=\"font-size: 12pt;\">Bergen auf R\u00fcgen<\/span><\/td>\n<td style=\"width: 9.02415%; height: 43px; text-align: right;\"><span style=\"font-size: 12pt;\">5.142,6716<\/span><\/td>\n<td style=\"width: 9.02415%; text-align: right;\"><span style=\"font-size: 12pt;\">\u00a0<\/span><\/td>\n<\/tr>\n<tr style=\"height: 43px;\">\n<td style=\"height: 43px; width: 44.878%;\"><\/td>\n<td style=\"height: 43px; width: 37.3984%;\"><span style=\"font-size: 12pt;\">Buschvitz<\/span><\/td>\n<td style=\"width: 9.02415%; height: 43px; text-align: right;\"><span style=\"font-size: 12pt;\">1.014,3434<\/span><\/td>\n<td style=\"width: 9.02415%; text-align: right;\"><span style=\"font-size: 12pt;\">\u00a0<\/span><\/td>\n<\/tr>\n<tr style=\"height: 43px;\">\n<td style=\"height: 43px; width: 44.878%;\"><\/td>\n<td style=\"height: 43px; width: 37.3984%;\"><span style=\"font-size: 12pt;\">Garz<\/span><\/td>\n<td style=\"width: 9.02415%; height: 43px; text-align: right;\"><span style=\"font-size: 12pt;\">6.587,7895<\/span><\/td>\n<td style=\"width: 9.02415%; text-align: right;\"><span style=\"font-size: 12pt;\">\u00a0<\/span><\/td>\n<\/tr>\n<tr style=\"height: 43px;\">\n<td style=\"height: 43px; width: 44.878%;\"><\/td>\n<td style=\"height: 43px; width: 37.3984%;\"><span style=\"font-size: 12pt;\">Gustow<\/span><\/td>\n<td style=\"width: 9.02415%; height: 43px; text-align: right;\"><span style=\"font-size: 12pt;\">2.841,4807<\/span><\/td>\n<td style=\"width: 9.02415%; text-align: right;\"><span style=\"font-size: 12pt;\">\u00a0<\/span><\/td>\n<\/tr>\n<tr style=\"height: 43px;\">\n<td style=\"height: 43px; width: 44.878%;\"><\/td>\n<td style=\"height: 43px; width: 37.3984%;\"><span style=\"font-size: 12pt;\">Lietzow<\/span><\/td>\n<td style=\"width: 9.02415%; height: 43px; text-align: right;\"><span style=\"font-size: 12pt;\">838,2266<\/span><\/td>\n<td style=\"width: 9.02415%; text-align: right;\"><span style=\"font-size: 12pt;\">\u00a0<\/span><\/td>\n<\/tr>\n<tr style=\"height: 43px;\">\n<td style=\"height: 43px; width: 44.878%;\"><\/td>\n<td style=\"height: 43px; width: 37.3984%;\"><span style=\"font-size: 12pt;\">Parchtitz<\/span><\/td>\n<td style=\"width: 9.02415%; height: 43px; text-align: right;\"><span style=\"font-size: 12pt;\">2.504,5781<\/span><\/td>\n<td style=\"width: 9.02415%; text-align: right;\"><span style=\"font-size: 12pt;\">\u00a0<\/span><\/td>\n<\/tr>\n<tr style=\"height: 43px;\">\n<td style=\"height: 43px; width: 44.878%;\"><\/td>\n<td style=\"height: 43px; width: 37.3984%;\"><span style=\"font-size: 12pt;\">Patzig<\/span><\/td>\n<td style=\"width: 9.02415%; height: 43px; text-align: right;\"><span style=\"font-size: 12pt;\">805,3630<\/span><\/td>\n<td style=\"width: 9.02415%; text-align: right;\"><span style=\"font-size: 12pt;\">\u00a0<\/span><\/td>\n<\/tr>\n<tr style=\"height: 43px;\">\n<td style=\"height: 43px; width: 44.878%;\"><\/td>\n<td style=\"height: 43px; width: 37.3984%;\"><span style=\"font-size: 12pt;\">Poseritz<\/span><\/td>\n<td style=\"width: 9.02415%; height: 43px; text-align: right;\"><span style=\"font-size: 12pt;\">4.019,0294<\/span><\/td>\n<td style=\"width: 9.02415%; text-align: right;\"><span style=\"font-size: 12pt;\">\u00a0<\/span><\/td>\n<\/tr>\n<tr style=\"height: 43px;\">\n<td style=\"height: 43px; width: 44.878%;\"><\/td>\n<td style=\"height: 43px; width: 37.3984%;\"><span style=\"font-size: 12pt;\">Ralswiek<\/span><\/td>\n<td style=\"width: 9.02415%; height: 43px; text-align: right;\"><span style=\"font-size: 12pt;\">1.653,2422<\/span><\/td>\n<td style=\"width: 9.02415%; text-align: right;\"><span style=\"font-size: 12pt;\">\u00a0<\/span><\/td>\n<\/tr>\n<tr style=\"height: 43px;\">\n<td style=\"height: 43px; width: 44.878%;\"><\/td>\n<td style=\"height: 43px; width: 37.3984%;\"><span style=\"font-size: 12pt;\">Rappin<\/span><\/td>\n<td style=\"width: 9.02415%; height: 43px; text-align: right;\"><span style=\"font-size: 12pt;\">2.906,6169<\/span><\/td>\n<td style=\"width: 9.02415%; text-align: right;\"><span style=\"font-size: 12pt;\">\u00a0<\/span><\/td>\n<\/tr>\n<tr style=\"height: 43px;\">\n<td style=\"height: 43px; width: 44.878%;\"><\/td>\n<td style=\"height: 43px; width: 37.3984%;\"><span style=\"font-size: 12pt;\">Sehlen<\/span><\/td>\n<td style=\"width: 9.02415%; height: 43px; text-align: right;\"><span style=\"font-size: 12pt;\">2.058,7655<\/span><\/td>\n<td style=\"width: 9.02415%; text-align: right;\"><span style=\"font-size: 12pt;\">\u00a0<\/span><\/td>\n<\/tr>\n<tr style=\"height: 43px;\">\n<td style=\"height: 43px; width: 44.878%;\"><\/td>\n<td style=\"height: 43px; width: 37.3984%;\"><\/td>\n<td style=\"width: 9.02415%; height: 43px; text-align: right;\"><\/td>\n<td style=\"width: 9.02415%; text-align: right;\"><\/td>\n<\/tr>\n<tr style=\"height: 43px;\">\n<td style=\"height: 43px; width: 44.878%;\"><span style=\"font-size: 12pt;\">Amt M\u00f6nchgut-Granitz<\/span><\/td>\n<td style=\"height: 43px; width: 37.3984%;\"><span style=\"font-size: 12pt;\">Baabe<\/span><\/td>\n<td style=\"width: 9.02415%; height: 43px; text-align: right;\"><span style=\"font-size: 12pt;\">226,0211<\/span><\/td>\n<td style=\"width: 9.02415%; text-align: right;\"><span style=\"font-size: 12pt;\">\u00a0<\/span><\/td>\n<\/tr>\n<tr style=\"height: 43px;\">\n<td style=\"height: 43px; width: 44.878%;\"><\/td>\n<td style=\"height: 43px; width: 37.3984%;\"><span style=\"font-size: 12pt;\">G\u00f6hren<\/span><\/td>\n<td style=\"width: 9.02415%; height: 43px; text-align: right;\"><span style=\"font-size: 12pt;\">739,4025<\/span><\/td>\n<td style=\"width: 9.02415%; text-align: right;\"><span style=\"font-size: 12pt;\">\u00a0<\/span><\/td>\n<\/tr>\n<tr style=\"height: 43px;\">\n<td style=\"height: 43px; width: 44.878%;\"><\/td>\n<td style=\"height: 43px; width: 37.3984%;\"><span style=\"font-size: 12pt;\">Lancken-Granitz<\/span><\/td>\n<td style=\"width: 9.02415%; height: 43px; text-align: right;\"><span style=\"font-size: 12pt;\">1.378,2324<\/span><\/td>\n<td style=\"width: 9.02415%; text-align: right;\"><span style=\"font-size: 12pt;\">\u00a0<\/span><\/td>\n<\/tr>\n<tr style=\"height: 43px;\">\n<td style=\"height: 43px; width: 44.878%;\"><\/td>\n<td style=\"height: 43px; width: 37.3984%;\"><span style=\"font-size: 12pt;\">M\u00f6nchgut<\/span><\/td>\n<td style=\"width: 9.02415%; height: 43px; text-align: right;\"><span style=\"font-size: 12pt;\">2.067,9306<\/span><\/td>\n<td style=\"width: 9.02415%; text-align: right;\"><span style=\"font-size: 12pt;\">\u00a0<\/span><\/td>\n<\/tr>\n<tr style=\"height: 43px;\">\n<td style=\"height: 43px; width: 44.878%;\"><\/td>\n<td style=\"height: 43px; width: 37.3984%;\">Sellin<\/td>\n<td style=\"width: 9.02415%; height: 43px; text-align: right;\">1.437,7772<\/td>\n<td style=\"width: 9.02415%; text-align: right;\"><\/td>\n<\/tr>\n<tr style=\"height: 43px;\">\n<td style=\"height: 43px; width: 44.878%;\"><\/td>\n<td style=\"height: 43px; width: 37.3984%;\">Zirkow<\/td>\n<td style=\"width: 9.02415%; height: 43px; text-align: right;\">2.561,5207<\/td>\n<td style=\"width: 9.02415%; text-align: right;\"><\/td>\n<\/tr>\n<tr style=\"height: 43px;\">\n<td style=\"height: 43px; width: 44.878%;\"><\/td>\n<td style=\"height: 43px; width: 37.3984%;\"><\/td>\n<td style=\"width: 9.02415%; height: 43px; text-align: right;\"><\/td>\n<td style=\"width: 9.02415%; text-align: right;\"><\/td>\n<\/tr>\n<tr style=\"height: 43px;\">\n<td style=\"height: 43px; width: 44.878%;\"><span style=\"font-size: 12pt;\">Amt West-R\u00fcgen<\/span><\/td>\n<td style=\"height: 43px; width: 37.3984%;\"><span style=\"font-size: 12pt;\">Altef\u00e4hr<\/span><\/td>\n<td style=\"width: 9.02415%; height: 43px; text-align: right;\"><span style=\"font-size: 12pt;\">2.059,7744<\/span><\/td>\n<td style=\"width: 9.02415%; text-align: right;\"><span style=\"font-size: 12pt;\">\u00a0<\/span><\/td>\n<\/tr>\n<tr style=\"height: 43px;\">\n<td style=\"height: 43px; width: 44.878%;\"><\/td>\n<td style=\"height: 43px; width: 37.3984%;\"><span style=\"font-size: 12pt;\">Dreschvitz<\/span><\/td>\n<td style=\"width: 9.02415%; height: 43px; text-align: right;\"><span style=\"font-size: 12pt;\">2.262,3160<\/span><\/td>\n<td style=\"width: 9.02415%; text-align: right;\"><span style=\"font-size: 12pt;\">\u00a0<\/span><\/td>\n<\/tr>\n<tr style=\"height: 43px;\">\n<td style=\"height: 43px; width: 44.878%;\"><\/td>\n<td style=\"height: 43px; width: 37.3984%;\"><span style=\"font-size: 12pt;\">Gingst<\/span><\/td>\n<td style=\"width: 9.02415%; height: 43px; text-align: right;\"><span style=\"font-size: 12pt;\">2.166,1528<\/span><\/td>\n<td style=\"width: 9.02415%; text-align: right;\"><span style=\"font-size: 12pt;\">\u00a0<\/span><\/td>\n<\/tr>\n<tr style=\"height: 43px;\">\n<td style=\"height: 43px; width: 44.878%;\"><\/td>\n<td style=\"height: 43px; width: 37.3984%;\"><span style=\"font-size: 12pt;\">Insel Hiddensee<\/span><\/td>\n<td style=\"width: 9.02415%; height: 43px; text-align: right;\"><span style=\"font-size: 12pt;\">1.904,8329<\/span><\/td>\n<td style=\"width: 9.02415%; text-align: right;\"><span style=\"font-size: 12pt;\">\u00a0<\/span><\/td>\n<\/tr>\n<tr style=\"height: 43px;\">\n<td style=\"height: 43px; width: 44.878%;\"><\/td>\n<td style=\"height: 43px; width: 37.3984%;\"><span style=\"font-size: 12pt;\">Kluis<\/span><\/td>\n<td style=\"width: 9.02415%; height: 43px; text-align: right;\"><span style=\"font-size: 12pt;\">2.139,4992<\/span><\/td>\n<td style=\"width: 9.02415%; text-align: right;\"><span style=\"font-size: 12pt;\">\u00a0<\/span><\/td>\n<\/tr>\n<tr style=\"height: 43px;\">\n<td style=\"height: 43px; width: 44.878%;\"><\/td>\n<td style=\"height: 43px; width: 37.3984%;\"><span style=\"font-size: 12pt;\">Neuenkirchen<\/span><\/td>\n<td style=\"width: 9.02415%; height: 43px; text-align: right;\"><span style=\"font-size: 12pt;\">2.293,2880<\/span><\/td>\n<td style=\"width: 9.02415%; text-align: right;\"><span style=\"font-size: 12pt;\">\u00a0<\/span><\/td>\n<\/tr>\n<tr style=\"height: 43px;\">\n<td style=\"height: 43px; width: 44.878%;\"><\/td>\n<td style=\"height: 43px; width: 37.3984%;\"><span style=\"font-size: 12pt;\">Rambin<\/span><\/td>\n<td style=\"width: 9.02415%; height: 43px; text-align: right;\"><span style=\"font-size: 12pt;\">3.143,0417<\/span><\/td>\n<td style=\"width: 9.02415%; text-align: right;\"><span style=\"font-size: 12pt;\">\u00a0<\/span><\/td>\n<\/tr>\n<tr style=\"height: 43px;\">\n<td style=\"height: 43px; width: 44.878%;\"><\/td>\n<td style=\"height: 43px; width: 37.3984%;\"><span style=\"font-size: 12pt;\">Samtens<\/span><\/td>\n<td style=\"width: 9.02415%; height: 43px; text-align: right;\"><span style=\"font-size: 12pt;\">3.248,0141<\/span><\/td>\n<td style=\"width: 9.02415%; text-align: right;\"><span style=\"font-size: 12pt;\">\u00a0<\/span><\/td>\n<\/tr>\n<tr style=\"height: 43px;\">\n<td style=\"height: 43px; width: 44.878%;\"><\/td>\n<td style=\"height: 43px; width: 37.3984%;\"><span style=\"font-size: 12pt;\">Schaprode<\/span><\/td>\n<td style=\"width: 9.02415%; height: 43px; text-align: right;\"><span style=\"font-size: 12pt;\">1.968,9792<\/span><\/td>\n<td style=\"width: 9.02415%; text-align: right;\"><span style=\"font-size: 12pt;\">\u00a0<\/span><\/td>\n<\/tr>\n<tr style=\"height: 43px;\">\n<td style=\"height: 43px; width: 44.878%;\"><\/td>\n<td style=\"height: 43px; width: 37.3984%;\"><span style=\"font-size: 12pt;\">Trent<\/span><\/td>\n<td style=\"width: 9.02415%; height: 43px; text-align: right;\"><span style=\"font-size: 12pt;\">3.539,1531<\/span><\/td>\n<td style=\"width: 9.02415%; text-align: right;\"><span style=\"font-size: 12pt;\">\u00a0<\/span><\/td>\n<\/tr>\n<tr style=\"height: 43px;\">\n<td style=\"height: 43px; width: 44.878%;\"><\/td>\n<td style=\"height: 43px; width: 37.3984%;\"><span style=\"font-size: 12pt;\">Ummanz<\/span><\/td>\n<td style=\"width: 9.02415%; height: 43px; text-align: right;\"><span style=\"font-size: 12pt;\">4.298,2822<\/span><\/td>\n<td style=\"width: 9.02415%; text-align: right;\"><span style=\"font-size: 12pt;\">\u00a0<\/span><\/td>\n<\/tr>\n<\/tbody>\n<\/table>\n<p>Stand: 29.06.2020<\/p>\n","protected":false},"excerpt":{"rendered":"<p>\u00c4mter Gemeinden Fl\u00e4che mit Dingliche in ha Fl\u00e4che ohne Dingliche in ha Amt Nord-R\u00fcgen Altenkirchen 2.265,8487 \u00a0 Breege 1.598,0451 \u00a0 Dranske 2.076,4649 \u00a0 Glowe 2.220,3792 \u00a0 Lohme 1.378,1471 \u00a0 Putgarten 1.262,4564 \u00a0 Sagard 2.792,7560 \u00a0 Wiek 2.544,4173 \u00a0 Amt Bergen auf R\u00fcgen Bergen auf R\u00fcgen 5.142,6716 \u00a0 Buschvitz 1.014,3434 \u00a0 Garz 6.587,7895 \u00a0 Gustow 2.841,4807 [&hellip;]<\/p>\n","protected":false},"author":2,"featured_media":0,"parent":73,"menu_order":0,"comment_status":"closed","ping_status":"closed","template":"","meta":{"footnotes":""},"class_list":["post-103","page","type-page","status-publish","hentry"],"_links":{"self":[{"href":"https:\/\/wbv-ruegen.wbv-mv.de\/index.php?rest_route=\/wp\/v2\/pages\/103","targetHints":{"allow":["GET"]}}],"collection":[{"href":"https:\/\/wbv-ruegen.wbv-mv.de\/index.php?rest_route=\/wp\/v2\/pages"}],"about":[{"href":"https:\/\/wbv-ruegen.wbv-mv.de\/index.php?rest_route=\/wp\/v2\/types\/page"}],"author":[{"embeddable":true,"href":"https:\/\/wbv-ruegen.wbv-mv.de\/index.php?rest_route=\/wp\/v2\/users\/2"}],"replies":[{"embeddable":true,"href":"https:\/\/wbv-ruegen.wbv-mv.de\/index.php?rest_route=%2Fwp%2Fv2%2Fcomments&post=103"}],"version-history":[{"count":14,"href":"https:\/\/wbv-ruegen.wbv-mv.de\/index.php?rest_route=\/wp\/v2\/pages\/103\/revisions"}],"predecessor-version":[{"id":4415,"href":"https:\/\/wbv-ruegen.wbv-mv.de\/index.php?rest_route=\/wp\/v2\/pages\/103\/revisions\/4415"}],"up":[{"embeddable":true,"href":"https:\/\/wbv-ruegen.wbv-mv.de\/index.php?rest_route=\/wp\/v2\/pages\/73"}],"wp:attachment":[{"href":"https:\/\/wbv-ruegen.wbv-mv.de\/index.php?rest_route=%2Fwp%2Fv2%2Fmedia&parent=103"}],"curies":[{"name":"wp","href":"https:\/\/api.w.org\/{rel}","templated":true}]}}